mposite?
False
Is 29102439 composite?
True
Is 85210141 a composite number?
False
Is 1845733 a prime number?
False
Is 14681273 a prime number?
True
Is 113745553 composite?
True
Is 39974827 prime?
True
Is 33428453 a composite number?
True
Is 87233819 a composite number?
False
Is 125039609 a prime number?
True
Is 874331 composite?
False
Is 12934927 a composite number?
False
Is 9990307 a composite number?
False
Is 1395137 prime?
True
Is 659411 a composite number?
True
Is 85270909 a prime number?
False
Is 3810979 prime?
True
Is 65611591 prime?
False
Is 23569121 prime?
False
Is 78631943 a prime number?
False
Is 1105329 composite?
True
Is 8099141 composite?
False
Is 30291917 a composite number?
False
Is 140730293 prime?
False
Is 15255413 a prime number?
False
Is 23422537 prime?
True
Is 12029297 a composite number?
True
Is 21852899 prime?
True
Is 708457 prime?
True
Is 5723089 composite?
True
Is 106093819 composite?
True
Is 5363147 a composite number?
False
Is 4827191 a prime number?
True
Is 1795411 a composite number?
False
Is 1105543 a prime number?
False
Is 6610983 a composite number?
True
Is 10440161 composite?
False
Is 13207091 composite?
True
Is 2971477 composite?
True
Is 307819711 a composite number?
True
Is 10067933 a prime number?
False
Is 2890753 prime?
True
Is 25834183 a prime number?
True
Is 133013 prime?
True
Is 89375339 prime?
False
Is 52264743 a prime number?
False
Is 15633121 a prime number?
False
Is 37126781 prime?
False
Is 19127569 prime?
True
Is 370373 a prime number?
True
Is 3210121 prime?
True
Is 14572189 composite?
False
Is 22296289 a prime number?
True
Is 1542347 a composite number?
False
Is 215340907 prime?
False
Is 389369 prime?
True
Is 11653419 prime?
False
Is 47901577 a prime number?
True
Is 62786135 a prime number?
False
Is 464963 prime?
True
Is 946759 composite?
True
Is 351363443 prime?
False
Is 6823351 composite?
False
Is 13216193 a composite number?
False
Is 415463 a prime number?
False
Is 978763 prime?
False
Is 17143121 a prime number?
True
Is 158581 a prime number?
True
Is 101794705 a composite number?
True
Is 2859869 a prime number?
True
Is 175755403 a composite number?
False
Is 4185547 prime?
True
Is 3356117 prime?
True
Is 11246371 a composite number?
True
Is 4492997 prime?
True
Is 2811682 a prime number?
False
Is 1277855 prime?
False
Is 14119517 prime?
True
Is 2018311 a composite number?
True
Is 4098229 composite?
False
Is 13142957 a prime number?
True
Is 2114659 prime?
False
Is 38876969 a prime number?
False
Is 173859643 a composite number?
True
Is 21698387 a prime number?
True
Is 12800707 prime?
True
Is 21082187 a composite number?
True
Is 125078581 prime?
True
Is 441976757 a prime number?
False
Is 130090627 composite?
False
Is 746653 prime?
True
Is 5093287 prime?
False
Is 22185907 prime?
True
Is 161551619 a composite number?
False
Is 2297849 a composite number?
False
Is 12067037 composite?
False
Is 411347 composite?
False
Is 4955829 prime?
False
Is 1948699 a prime number?
True
Is 624217 prime?
False
Is 31576057 prime?
False
Is 6499481 prime?
False
Is 38902971 a composite number?
True
Is 11252123 composite?
True
Is 18444067 composite?
True
Is 1951949 prime?
True
Is 140711 a composite number?
True
Is 6031439 prime?
True
Is 5178077 prime?
True
Is 6782869 prime?
True
Is 127714721 prime?
True
Is 2756899 composite?
True
Is 81340793 composite?
True
Is 3464999 a prime number?
False
Is 143719243 prime?
False
Is 2164471 composite?
False
Is 464255141 a prime number?
False
Is 53456969 a prime number?
True
Is 1220071 a composite number?
False
Is 291639 composite?
True
Is 33397249 a prime number?
True
Is 227427691 a composite number?
False
Is 35157085 a composite number?
True
Is 29175838 composite?
True
Is 83772109 a prime number?
True
Is 21520687 prime?
True
Is 1132661 a prime number?
True
Is 17286197 a composite number?
False
Is 315115763 a composite number?
False
Is 74189 prime?
True
Is 1048193 a composite number?
False
Is 12807637 composite?
True
Is 25209967 composite?
False
Is 4088801 a composite number?
False
Is 3655403 a prime number?
False
Is 41873411 a composite number?
True
Is 14743583 composite?
False
Is 643633 composite?
False
Is 825229 prime?
True
Is 2939 prime?
True
Is 5553451 a composite number?
True
Is 22901381 a prime number?
False
Is 1197811 prime?
False
Is 2380997 a prime number?
True
Is 17814529 composite?
False
Is 2962151 a composite number?
False
Is 34594583 a composite number?
False
Is 3881711 a composite number?
False
Is 7386727 prime?
False
Is 482629423 a prime number?
False
Is 3324551 composite?
False
Is 319307 prime?
False
Is 8716349 composite?
True
Is 5625587 prime?
False
Is 39088921 composite?
False
Is 2360521 prime?
True
Is 28186441 composite?
False
Is 810665435 composite?
True
Is 139021 composite?
False
Is 1212622 a prime number?
False
Is 20488843 composite?
False
Is 737411 prime?
True
Is 626489 prime?
True
Is 124837597 a prime number?
True
Is 47347253 composite?
True
Is 340939 a composite number?
False
Is 124594073 a composite number?
True
Is 114151 a composite number?
True
Is 19110527 composite?
False
Is 184364231 composite?
False
Is 77846845 a prime number?
False
Is 295350493 composite?
False
Is 1776011 a composite number?
False
Is 391031 composite?
False
Is 11380817 composite?
True
Is 129593963 a composite number?
False
Is 678523 a prime number?
False
Is 2126297 a prime number?
True
Is 4908467 a prime number?
True
Is 3490673 a composite number?
False
Is 51063109 a prime number?
False
Is 12954809 prime?
False
Is 965963 composite?
False
Is 141395291 prime?
True
Is 537049 a prime number?
False
Is 107053 prime?
True
Is 18362107 a composite number?
False
Is 50581977 composite?
True
Is 4167881 a prime number?
True
Is 5711987 a prime number?
True
Is 14342231 prime?
True
Is 4319417 prime?
False
Is 6529847 a prime number?
True
Is 33135587 composite?
True
Is 3796171 prime?
False
Is 21787 a prime number?
True
Is 858149 a composite number?
False
Is 55501829 composite?
True
Is 1213207 composite?
True
Is 25786019 composite?
True
Is 556268017 prime?
True
Is 9150851 composite?
False
Is 292400659 prime?
True
Is 45359773 composite?
False
Is 3996901 a prime number?
False
Is 15421999 composite?
False
Is 6777367 prime?
True
Is 3040103 prime?
False
Is 7422035 composite?
True
Is 123057349 a prime number?
True
Is 31971437 a prime number?
False
Is 552597569 a prime number?
True
Is 241903 a prime number?
True
Is 147295981 a composite number?
True
Is 6958981 prime?
False
Is 44983795 a composite number?
True
Is 14392801 composite?
False
Is 50036737 a prime number?
False
Is 884287 a composite number?
False
Is 18367953 a prime number?
False
Is 4369051 composite?
True
Is 165196387 a prime number?
True
Is 3128171 composite?
False
Is 3356263 a prime number?
True
Is 6189335 prime?
False
Is 5229971 composite?
False
Is 3190531 a composite number?
True
Is 20440331 composite?
True
Is 26539977 a composite number?
True
Is 7199323 a prime number?
True
Is 247337 a composite number?
False
Is 439181 composite?
True
Is 271097 prime?
True
Is 10420427 a prime number?
False
Is 42466721 composite?
True
Is 2629873 composite?
False
Is 2207869 prime?
False
Is 2758846 composite?
True
Is 30296837 composite?
False
Is 59453263 a prime number?
True
Is 10708783 prime?
False
Is 536629 composite?
True
Is 6451369 a prime number?
False
Is 109147433 a composite number?
False
Is 24094439 composite?
True
Is 35374907 prime?
False
Is 22101463 a prime number?
True
Is 22180409 a prime number?
False
Is 112717169 a composite number?
False
Is 62548393 prime?
True
Is 281982487 a composite number?
False
Is 1093487 a composite number?
False
Is 2541593 prime?
True
Is 116645771 composite?
True
Is 8298617 composite?
False
Is 57765611 a composite number?
False
Is 137528669 prime?
False
Is 713563 composite?
False
Is 16697117 composite?
False
Is 848459 a composite number?
True
Is 32387507 prime?
True
Is 16887587 a prime number?
False
Is 173007826 prime?
False
Is 88294849 prime?
False
Is 3259369 prime?
True
Is 20971403 composite?
False
Is 2321959 composite?
False
Is 5942939 prime?
True
Is 10626013 composite?
False
Is 18365741 a prime number?
False
Is 4860971 a composite number?
False
Is 3578699 a prime number?
False
Is 25853257 a composite number?
True
Is 3336379 a com